71039.
71039
What are the prime factors of 3417?
3, 17, 67
List the prime factors of 212.
2, 53
List the prime factors of 50.
2, 5
List the prime factors of 23728.
2, 1483
List the prime factors of 48590.
2, 5, 43, 113
List the prime factors of 17122.
2, 7, 1223
List the prime factors of 2128.
2, 7, 19
What are the prime factors of 2667?
3, 7, 127
List the prime factors of 18152.
2, 2269
What are the prime factors of 68407?
67, 1021
What are the prime factors of 549?
3, 61
What are the prime factors of 10327?
23, 449
What are the prime factors of 925?
5, 37
List the prime factors of 3870.
2, 3, 5, 43
What are the prime factors of 9042?
2, 3, 11, 137
List the prime factors of 932.
2, 233
What are the prime factors of 4442?
2, 2221
List the prime factors of 539.
7, 11
List the prime factors of 7492.
2, 1873
List the prime factors of 53008.
2, 3313
List the prime factors of 99972.
2, 3, 2777
What are the prime factors of 172?
2, 43
What are the prime factors of 1605?
3, 5, 107
What are the prime factors of 346?
2, 173
List the prime factors of 5636.
2, 1409
List the prime factors of 5600.
2, 5, 7
List the prime factors of 5520.
2, 3, 5, 23
What are the prime factors of 288?
2, 3
What are the prime factors of 7444?
2, 1861
List the prime factors of 10033.
79, 127
List the prime factors of 37856.
2, 7, 13
What are the prime factors of 4829?
11, 439
List the prime factors of 443.
443
List the prime factors of 44725.
5, 1789
List the prime factors of 539.
7, 11
What are the prime factors of 6018?
2, 3, 17, 59
List the prime factors of 16443.
3, 7, 29
List the prime factors of 6056.
2, 757
What are the prime factors of 728?
2, 7, 13
What are the prime factors of 1157?
13, 89
List the prime factors of 2255.
5, 11, 41
List the prime factors of 364.
2, 7, 13
What are the prime factors of 5647?
5647
List the prime factors of 7812.
2, 3, 7, 31
List the prime factors of 484.
2, 11
What are the prime factors of 11778?
2, 3, 13, 151
What are the prime factors of 533?
13, 41
What are the prime factors of 1252?
2, 313
List the prime factors of 11231.
11, 1021
What are the prime factors of 2761?
11, 251
What are the prime factors of 16119?
3, 199
What are the prime factors of 1178?
2, 19, 31
List the prime factors of 2239.
2239
List the prime factors of 20366.
2, 17, 599
List the prime factors of 19630.
2, 5, 13, 151
List the prime factors of 65.
5, 13
List the prime factors of 42198.
2, 3, 13, 541
List the prime factors of 19636.
2, 4909
What are the prime factors of 22852?
2, 29, 197
What are the prime factors of 6838?
2, 13, 263
List the prime factors of 14970.
2, 3, 5, 499
What are the prime factors of 26245?
5, 29, 181
List the prime factors of 9424.
2, 19, 31
List the prime factors of 962.
2, 13, 37
List the prime factors of 24999.
3, 13, 641
List the prime factors of 7602.
2, 3, 7, 181
List the prime factors of 4993.
4993
List the prime factors of 31067.
47, 661
What are the prime factors of 19218?
2, 3, 3203
What are the prime factors of 17060?
2, 5, 853
What are the prime factors of 22054?
2, 11027
What are the prime factors of 42953?
42953
List the prime factors of 1872.
2, 3, 13
List the prime factors of 115.
5, 23
What are the prime factors of 463?
463
List the prime factors of 10719.
3, 397
What are the prime factors of 3393?
3, 13, 29
List the prime factors of 30637.
30637
List the prime factors of 989.
23, 43
List the prime factors of 4653.
3, 11, 47
What are the prime factors of 2061?
3, 229
List the prime factors of 10919.
61, 179
List the prime factors of 7579.
11, 13, 53
List the prime factors of 18238.
2, 11, 829
What are the prime factors of 1935?
3, 5, 43
List the prime factors of 2932.
2, 733
List the prime factors of 811.
811
What are the prime factors of 61857?
3, 29, 79
What are the prime factors of 255?
3, 5, 17
List the prime factors of 1001.
7, 11, 13
List the prime factors of 861.
3, 7, 41
List the prime factors of 2834.
2, 13, 109
What are the prime factors of 66263?
23, 43, 67
What are the prime factors of 4874?
2, 2437
What are the prime factors of 179?
179
What are the prime factors of 10394?
2, 5197
List the prime factors of 3274.
2, 1637
List the prime factors of 33806.
2, 16903
List the prime factors of 8892.
2, 3, 13, 19
List the prime factors of 3413.
3413
What are the prime factors of 20120?
2, 5, 503
List the prime factors of 33974.
2, 16987
List the prime factors of 41453.
41453
List the prime factors of 488.
2, 61
What are the prime factors of 63165?
3, 5, 4211
What are the prime factors of 4214?
2, 7, 43
List the prime factors of 549.
3, 61
What are the prime factors of 14226?
2, 3, 2371
List the prime factors of 1441.
11, 131
What are the prime factors of 12430?
2, 5, 11, 113
What are the prime factors of 3883?
11, 353
What are the prime factors of 4124?
2, 1031
What are the prime factors of 5285?
5, 7, 151
List the prime factors of 4047.
3, 19, 71
List the prime factors of 300.
2, 3, 5
List the prime factors of 179.
179
What are the prime factors of 1120?
2, 5, 7
List the prime factors of 9534.
2, 3, 7, 227
What are the prime factors of 1952?
2, 61
List the prime factors of 114956.
2, 29, 991
List the prime factors of 64968.
2, 3, 2707
List the prime factors of 7374.
2, 3, 1229
List the prime factors of 8260.
2, 5, 7, 59
What are the prime factors of 13195?
5, 7, 13, 29
List the prime factors of 693.
3, 7, 11
List the prime factors of 9998.
2, 4999
List the prime factors of 3712.
2, 29
List the prime factors of 880.
2, 5, 11
What are the prime factors of 4860?
2, 3, 5
List the prime factors of 87249.
3, 127, 229
List the prime factors of 719.
719
List the prime factors of 3981.
3, 1327
List the prime factors of 33161.
33161
List the prime factors of 93410.
2, 5, 9341
What are the prime factors of 37360?
2, 5, 467
What are the prime factors of 3483?
3, 43
List the prime factors of 756.
2, 3, 7
List the prime factors of 1992.
2, 3, 83
List the prime factors of 142875.
3, 5, 127
What are the prime factors of 3563?
7, 509
List the prime factors of 3308.
2, 827
List the prime factors of 724.
2, 181
List the prime factors of 11203.
17, 659
List the prime factors of 2828.
2, 7, 101
List the prime factors of 16433.
16433
List the prime factors of 1539.
3, 19
List the prime factors of 6149.
11, 13, 43
List the prime factors of 683.
683
What are the prime factors of 926?
2, 463
List the prime factors of 232.
2, 29
List the prime factors of 1863.
3, 23
List the prime factors of 706.
2, 353
What are the prime factors of 6561?
3
What are the prime factors of 23086?
2, 7, 17, 97
What are the prime factors of 72?
2, 3
What are the prime factors of 5864?
2, 733
List the prime factors of 5843.
5843
What are the prime factors of 37652?
2, 9413
List the prime factors of 1456.
2, 7, 13
What are the prime factors of 2430?
2, 3, 5
What are the prime factors of 59507?
7, 8501
What are the prime factors of 19161?
3, 2129
What are the prime factors of 10536?
2, 3, 439
List the prime factors of 47925.
3, 5, 71
What are the prime factors of 52861?
52861
What are the prime factors of 17072?
2, 11, 97
List the prime factors of 764.
2, 191
What are the prime factors of 1189?
29, 41
List the prime factors of 19964.
2, 7, 23, 31
List the prime factors of 791.
7, 113
What are the prime factors of 1266?
2, 3, 211
What are the prime factors of 13776?
2, 3, 7, 41
What are the prime factors of 16213?
31, 523
List the prime factors of 17214.
2, 3, 19, 151
List the prime factors of 3211.
13, 19
What are the prime factors of 1550?
2, 5, 31
List the prime factors of 1074.
2, 3, 179
What are the prime factors of 2551?
2551
List the prime factors of 611.
13, 47
List the prime factors of 50029.
7, 1021
List the prime factors of 3879.
3, 431
What are the prime factors of 4684?
2, 1171
List the prime factors of 48409.
48409
List the prime factors of 4379.
29, 151
List the prime factors of 14279.
109, 131
List the prime factors of 2494.
2, 29, 43
List the prime factors of 30317.
7, 61, 71
What are the prime factors of 930?
2, 3, 5, 31
List the prime factors of 4762.
2, 2381
What are the prime factors of 2550?
2, 3, 5, 17
List the prime factors of 11298.
2, 3, 7, 269
What are the prime factors of 2256?
2, 3, 47
List the prime factors of 476.
2, 7, 17
What are